 -i + 18 = -5*j, 3 = 4*i + 2*j - 3. Suppose -i*r + 18 = 2*s + s, 0 = -3*r - s + 14. What is the greatest common factor of 1 and r?
1
Let w(z) = 20*z - 8. Let s be w(4). Calculate the highest common divisor of 8 and s.
8
Let r be (-4 + -1)*(-3)/3. Suppose 0 = 3*v - 9 + 27. Let u = v + 7. Calculate the highest common factor of r and u.
1
Suppose 37*p - 30*p = 42. Let o(a) = a**3 - 2*a**2 - 5*a - 2. Let q be o(5). Calculate the greatest common divisor of q and p.
6
Let v = 41 - 69. Let a = -6 - v. Let m be (-2)/((-4)/(-3))*-22. Calculate the greatest common divisor of m and a.
11
Let v = -3 + 8. Suppose u - v*u = -504. What is the greatest common factor of u and 14?
14
Let u(o) = 7*o**2 - o - 6. Let n be u(-3). What is the greatest common divisor of n and 6?
6
Suppose -5*b - 3*w + 5*w = -654, 5*b + 3*w - 669 = 0. Let r = 23 - 11. Calculate the greatest common factor of b and r.
12
Suppose -d = y - 4, 5*y - d + 1 - 3 = 0. Let g be 11/3 - (-6)/18. Calculate the highest common divisor of g and y.
1
Let b = 76 - 67. What is the greatest common factor of 9 and b?
9
Let o = -82 + 127. Calculate the highest common factor of 5 and o.
5
Let m = -4 - -6. Let c be (12/(-10))/(m/(-5)). Calculate the highest common factor of 33 and c.
3
Let k = 13 + 3. Let f(m) = -15*m + 1. Let r be f(-3). Suppose 2*n - r = -n - z, 2*n = 3*z + k. Calculate the highest common divisor of 14 and n.
14
Suppose 2*f = -0*f - 5*k + 42, 21 = f - 3*k. Suppose 4*q + q + 3*u = 50, -6 = 2*q - 4*u. What is the highest common divisor of f and q?
7
Suppose 7 = 3*c - 2. Suppose -t - c*r = r - 30, 2*t - 12 = 4*r. Calculate the greatest common divisor of t and 14.
14
Suppose -i + 5*i = 40. Suppose i*r = 4*r + 600. What is the greatest common divisor of 20 and r?
20
Suppose 0 = -5*l - 128 + 1523. Calculate the highest common divisor of l and 9.
9
Suppose 20 = -3*v - 4. Let x be (-2)/v + (-3)/(-4). What is the greatest common divisor of 1 and x?
1
Let k = 54 + -52. Suppose 2*p + 3*p - 2*c - 118 = 0, 0 = 2*p + c - 40. What is the greatest common divisor of p and k?
2
Let m = 33 - 30. What is the highest common factor of m and 24?
3
Let d(j) = -4*j + 4*j**2 + 4*j**2 + 5 - 2*j**2. Let c be d(-4). Suppose -9*k + 7*k + 26 = 0. What is the greatest common divisor of k and c?
13
Let p = -132 + 201. Let c = -249 - -295. What is the greatest common divisor of p and c?
23
Let s(r) = -9*r. Let f be s(-2). Let y(h) = -h**3 - 3*h**2 + 14*h - 10. Let m be y(-8). What is the greatest common divisor of m and f?
18
Let i(w) = -12*w**3 - w**2 + 1. Let t be i(-1). What is the highest common factor of t and 108?
12
Let l be (4/(-10))/(5/(-75)). Let b = 1 - -1. What is the greatest common divisor of b and l?
2
Suppose -34 = i + 15. Let p = i + 82. What is the greatest common divisor of p and 11?
11
Let n be ((-5)/(-15))/((-2)/(-12)). Let j be ((-3)/n)/(18/(-1176)). Let v = 188 - j. What is the greatest common divisor of 9 and v?
9
Let w be 4/16 - 2606/(-8). Let n = w - 227. Suppose -5*j - 2*s = -65, -s + 0*s + 38 = 3*j. What is the highest common factor of n and j?
11
Suppose g + 0*g = 5. Let f(o) = -o**3 + 4*o**2 + 7*o + 2. Let t be f(g). Calculate the highest common factor of 3 and t.
3
Let m = 88 + -56. Let y = m - 7. Calculate the greatest common factor of 5 and y.
5
Let u be -5*-3*(2 - 1). Let p(l) = 60*l**2 - 2*l - 2. Let q be p(-1). Calculate the greatest common factor of u and q.
15
Let n(v) = 8*v**3 + 3*v - 6. Let j(l) = -7*l**3 + l**2 - 3*l + 6. Let q(t) = 7*j(t) + 6*n(t). Let g be q(6). Calculate the greatest common factor of 8 and g.
8
Let p(j) = -19*j - 10. Let z be p(-2). What is the highest common factor of z and 252?
28
Let l(r) = -21*r - 1. Let h be 0/(-2) + (-3 - -2). Let w be l(h). Suppose 2*u - w = -2*u. What is the highest common divisor of u and 5?
5
Suppose -4*n + p + 61 = 0, 0*n + 19 = n - 4*p. What is the greatest common divisor of n and 6?
3
Let d = 0 + -5. Let w = d + 5. Suppose w = -3*o + 5*b + 295, -5*o + 2*b + 179 = -338. Calculate the greatest common divisor of o and 15.
15
Let d(p) = 4*p**3 - 4*p**2 + p + 2. Let s be d(2). Suppose -4*a + s = -2*a. Calculate the greatest common divisor of 40 and a.
10
Let h = 222 - 996. Let s be 2/(-7) + h/(-14). What is the greatest common factor of s and 11?
11
Suppose 3*r - 52 = -2*d, 2*r = 2*d + 3*r - 52. Calculate the highest common factor of d and 52.
26
Let x = -4 + 84. Suppose -x = -w - 0*w. Suppose w = -j + 5*j. Calculate the greatest common divisor of j and 40.
20
Let l be (-1)/(-4) + (-5)/20. Suppose l = 4*w + 3*o - 25, -2*o + 19 - 1 = 3*w. Let k be w*((-30)/8)/(-3). What is the highest common divisor of k and 5?
5
Suppose 3*h - 85 - 38 = 3*x, 0 = -5*h + 2*x + 220. Calculate the highest common divisor of 322 and h.
46
Let z be (52/(-39))/(2/(-6)). Suppose 10 = 2*l + y, l - 2*l - z*y - 2 = 0. What is the highest common divisor of 30 and l?
6
Let w(m) be the second derivative of -m**3/3 - 5*m. Let h be w(-5). What is the highest common factor of 50 and h?
10
Let q(o) = -2*o - 16. Let f be q(-14). Calculate the greatest common divisor of f and 132.
12
Let x = -179 + 259. What is the greatest common divisor of 4 and x?
4
Let f be -2 - (-5)/((-15)/(-66)). Suppose -2*w = 2*w - 20. Suppose -w*n + 4*a + 37 = 0, -4*n + a = -2*a - 29. Calculate the greatest common divisor of f and n.
5
Suppose 0 = c - 2*v - 35, 66 = 2*c - 4*v + v. What is the highest common divisor of c and 81?
27
Suppose c - 2*c = -q - 22, -c = -2*q - 20. What is the greatest common divisor of 168 and c?
24
Suppose -105 = 5*c - 4*q + 6*q, -5*c - 105 = 4*q. Let k = -15 - c. Let w be ((-6)/5)/((-2)/50). What is the greatest common factor of k and w?
6
Let s(p) = p**2 + 3*p - 4. Suppose -5*q + 13 = -r, 5*q = r + 4*r + 5. Let b be s(q). Calculate the highest common divisor of b and 154.
14
Let r(x) = 4*x. Let j be r(1). Calculate the greatest common divisor of j and 1.
1
Let u be -4 - -16 - 0 - 0. Calculate the highest common factor of u and 132.
12
Let w = 66 - 31. Calculate the greatest common divisor of 14 and w.
7
Let s(j) = -j**2 - 13*j + 3. Let t be s(-11). Suppose -t - 25 = -5*w. Let r be (12/9)/((-1)/(-3)). What is the greatest common divisor of w and r?
2
Let r(w) = -9*w**2 + 2*w + 1. Let j be r(3). Let s = 117 + j. Let t = 131 - s. What is the highest common divisor of t and 11?
11
Let q(r) = 2*r**2 + 6*r. Let l be q(-5). What is the greatest common divisor of 30 and l?
10
Let z = -3 + 3. Suppose z = 2*k - 6*k + 8. Let j(l) = -l**3 - 8*l**2 + 1. Let r be j(-8). What is the highest common factor of k and r?
1
Let i = -3 + 5. Let s be (-4)/i - -4 - -13. Suppose 4*b + 3*v = s, -39 = -4*b - 0*b + 5*v. What is the highest common factor of b and 54?
6
Let v(y) = -78*y**3 + 2*y + 1. Let g be v(-1). Suppose 2*i + 4*q - 44 = -2*i, -4*q - 5 = -3*i. Calculate the highest common divisor of i and g.
7
Let a be ((-12)/(-4) - 4)*-11. Let l(z) = 5*z**2 + 10*z**2 - 2*z + 0 - 1. Let o be l(2). Calculate the highest common divisor of a and o.
11
Suppose -d = 3*d - 56. Calculate the highest common divisor of 14 and d.
14
Let k(h) be the first derivative of h**3/3 - h**2 - 6*h - 3. Let q be k(6). Suppose 2*o - 10 = q. What is the greatest common factor of 42 and o?
14
Let q(h) = -h**2 + 7*h + 10. Let u be q(8). Let v = u - -3. Calculate the greatest common factor of 35 and v.
5
Suppose 0 = -10*i + 4*i + 66. What is the greatest common divisor of i and 55?
11
Let w(r) = -2*r - 3. Let q be w(-4). Suppose -q*c = -155 - 5. Suppose 29 = 5*n - i - 10, -5*n + 3*i = -37. What is the highest common divisor of n and c?
8
Let p be 2*(-2)/(-2 + 0). Suppose n = p*c + 19, 21 = 4*n - 0*n + 3*c. Let z be n - -1 - 0/(-3). Calculate the highest common factor of 2 and z.
2
Let r(p) = p**2 - 24*p + 21. Let v be r(25). What is the highest common factor of 184 and v?
46
Let o = 23 + -3. Calculate the highest common factor of 10 and o.
10
Suppose -4*c + 6 + 10 = 0. Let m = -2 - -14. Calculate the highest common divisor of m and c.
4
Let s be (0 - 4/(-6))*15. Suppose 5*v - 23 - 227 = 0. Let m be v*(3 + 5/(-2)). What is the highest common factor of m and s?
5
Suppose 0 = -7*j + 3*j + 8. Suppose -b = -5*s + 6, j*b = 3*s + 1 + 1. Calculate the highest common divisor of 6 and b.
2
Let r be 1*(-2 - -3)*9. Let i be ((-135)